 10 is divided by n?
3
Let i(y) = -2*y**3 - 2*y**2 + 26*y + 8. Calculate the remainder when i(-7) is divided by 83.
82
Suppose 4*t + 6 = -r, -4*r + 6 = r + 2*t. Suppose -u - b = -1270 + 453, -4070 = -5*u - r*b. Calculate the remainder when ((-6)/2)/((-42)/u) is divided by 20.
18
Let d(q) = 2*q**2 + 0*q**2 + 5*q - q**2 - 1 + 4. Let j = -94 + 108. What is the remainder when d(5) is divided by j?
11
Suppose 54*b - 52*b = 0. Let d = b - 0. Suppose -9*q + 4*q + 110 = d. What is the remainder when q is divided by 8?
6
Let h = 108 - 41. Calculate the remainder when h is divided by 18.
13
Let c = -8 + 11. Suppose -18 = -c*t + 6. What is the remainder when 29 is divided by 6/24 - (-78)/t?
9
Suppose 0 = 4*o - 2*y - 346, y = -o + 6*y + 73. Calculate the remainder when o is divided by (-8)/8 - (-47 + 1).
43
Suppose d = 2*o + 3*o - 34, -o = -3*d - 18. Suppose o*v = 481 - 49. Calculate the remainder when v is divided by 15.
12
Let q be 4/6 + (-8)/12. Suppose 2*y - 5 + 7 = q. Calculate the remainder when 51 is divided by -1 + -38*y/2.
15
Suppose -132 = -4*q - 3*w, 3*q - 4*q + 40 = -w. What is the remainder when 104 is divided by q?
32
Let y(d) = 3*d + 7*d + 0*d**2 + 4 + d**2. Suppose -96 = -4*p - 4*n, -3*n - 75 = -3*p - p. Calculate the remainder when y(-14) is divided by p.
18
What is the remainder when ((-38)/5)/(-8 - 1027/(-130)) is divided by 23?
7
Let a(y) = -5*y**3 + y**2 - y + 1. Let u be a(1). Let m(i) = 77*i + 285. Let f be m(-4). Calculate the remainder when 6 + u + 0 - f is divided by 14.
11
Let f = -22 + 25. Suppose 5*o = -2*r - r + 148, o - 30 = -r. Calculate the remainder when o is divided by -3 + 19 - 3 - f.
9
Suppose 3*x + 46 = -5*u + 498, x - 181 = -2*u. Let n = -62 + u. Calculate the remainder when (-692)/(-6) + (-1)/3 is divided by n.
28
Let y(r) = -10*r + 110. Calculate the remainder when 74 is divided by y(9).
14
Let g(f) = -45*f**3 + 2*f**2 - f - 2. Let m be g(-1). Suppose 0 = -9*a + 80 + m. What is the remainder when a is divided by 12?
2
Let a = 18 - 10. What is the remainder when (-14 - -18)/(3/6) is divided by a?
0
Suppose 3*b - 379 = 41. Let d = b - 78. Calculate the remainder when d is divided by 16.
14
Let p(c) = 3*c**2 - 8*c + 7. Let a(b) = -b**2 - 58*b + 52. Calculate the remainder when p(7) is divided by a(0).
46
Let w(k) = 79*k**2 + 1. Let u be w(1). Let x = -64 - -68. Suppose -2*y - 3*y - n + u = 0, -75 = -x*y - 3*n. What is the remainder when 58 is divided by y?
13
Suppose 2*z - 24 + 30 = 0. Calculate the remainder when 14 is divided by 6/(-4)*(z + 2 - 5).
5
Suppose l = -4*m + 32, -2*m + 16 = -l - 2*l. What is the remainder when 86 is divided by m?
6
Let f = 474 - 447. What is the remainder when 75 is divided by f?
21
Let y(a) = 2*a**2 - 3*a - 7. What is the remainder when 82 is divided by y(5)?
26
Let p = 287 + -267. What is the remainder when 679 is divided by p?
19
Let i(y) = -y**3 - 8*y**2 - 8*y - 5. Let u be i(-7). Suppose u*s + 10 - 42 = -3*f, -4*f = -8. Calculate the remainder when 101 is divided by s.
10
Let y = 35 + -22. What is the remainder when 115 is divided by y?
11
Suppose 37*x + 18*x = 7040. Calculate the remainder when x is divided by 42.
2
Let b(g) = 2*g - 3. Let o be b(3). Suppose 7*l - 20 = o*l. Let v = -7654 + 7692. What is the remainder when v is divided by l?
3
Suppose f + 3 = 0, -2*j + 3*f - 185 = -3*j. Calculate the remainder when j is divided by 15.
14
Let t = 63 + -15. Let r be (-21 - (-3 - -2))*1. Let o = 37 + r. Calculate the remainder when t is divided by o.
14
Suppose 0 = 8*r - 10*r + 8. Calculate the remainder when 3/r - (771/(-12) + 6) is divided by 22.
15
Let f = 53 - 28. What is the remainder when 45 is divided by f?
20
Let k = 7 + 2. Let y = -8 + 11. Suppose 3*l = 4*l - y. What is the remainder when k is divided by l?
0
Let h(v) = -2*v**2 + 22*v - 26. What is the remainder when -3 - -2 - 19/(-1) is divided by h(9)?
8
Suppose -2*b + 4*t + 0*t = -172, b - 95 = -t. What is the remainder when b is divided by (-6)/4*(-76)/6?
16
Let h(u) = 9*u + 532. What is the remainder when h(-50) is divided by 14?
12
Suppose 11*h - 286 = 308. Let q = 40 + h. Suppose -40 = -5*j + 80. Calculate the remainder when q is divided by j.
22
What is the remainder when 1077 is divided by 39 + -41 + (92 - 0)?
87
Let v = 995 - 628. Let g = v + -130. What is the remainder when g is divided by 48?
45
Let q(f) = -7*f + 52. Calculate the remainder when q(0) is divided by 31.
21
Let x(z) = -13*z**3 - z - 1. Suppose 116*b - 199*b + 913 = 0. What is the remainder when x(-1) is divided by b?
2
Suppose -2*z - 13*n = -9*n - 36, 0 = 4*z - n - 36. Suppose 0*b + 2*b = 8. Let k = b + z. What is the remainder when 54 is divided by k?
12
Let u(b) = -b**2 - 31*b - 1. Calculate the remainder when u(-23) is divided by 5 + -4 - (-2 + -34).
35
Let d(o) = o**2 - 22. Calculate the remainder when d(-9) is divided by (-68)/(-12)*(1 - -2).
8
Let j(p) = -p**2 + 12*p - 2. Let q be j(12). Let m(k) = -6*k + 11. What is the remainder when m(q) is divided by 8?
7
Suppose 66 = -2*l + 4*d, 2*d - 71 = 3*l + 8. Let b = l - -42. What is the remainder when 75 is divided by b?
18
Let g = 5 + -9. Let c be (-2)/g - 54/(-4). Suppose l - 61 = c. Calculate the remainder when l is divided by 19.
18
Suppose -2*t = -2, 7*a + 74 = 9*a - 2*t. Let q = -26 + a. What is the remainder when 130 is divided by q?
10
Let k(z) = -z**3 + 22*z**2 - 40*z + 21. What is the remainder when 186 is divided by k(20)?
18
Suppose 1 + 5 = 3*t. Suppose 4*l = 2*x + 2*l + 2, -3*l = -t*x - 6. Suppose u - x*o - 57 = 0, o - 46 = -u + 7. What is the remainder when u is divided by 14?
12
Suppose -2*c - 19 = -b, -b - 19 = -c - 37. What is the remainder when 113 is divided by b?
11
Let w(x) = x**2 + 3*x - 7. Let n = 33 + -40. What is the remainder when 82 is divided by w(n)?
19
Let g(r) = 2*r**2 + 6*r - 4. Let i be g(-6). Let p(s) = 10*s - 58. Let u be p(8). Let c = i - u. Calculate the remainder when 37 is divided by c.
7
Suppose -3*f = -f - 3*p - 13, -2*f + 4*p + 12 = 0. Calculate the remainder when (-1)/6 - (-2274)/36 is divided by f.
7
Suppose 4*p - 5 = 7. Let r(s) = -214*s + s**p + 14*s**2 - 2 + 225*s - 6. Calculate the remainder when 52 is divided by r(-13).
16
Let z = -4 + 0. Let f = 23 - z. Suppose 3*y + 0*d + 4*d = 49, 0 = -2*y - 2*d + 32. What is the remainder when f is divided by y?
12
Let m = -581 + 606. What is the remainder when 70 is divided by m?
20
Let c(k) = k**3 + 38*k**2 + 32*k - 11. Calculate the remainder when c(-37) is divided by 70.
34
What is the remainder when 151 is divided by 260/(-80)*(1 - 5)?
8
Let m = 170 + -96. Calculate the remainder when m is divided by 41.
33
What is the remainder when (-280)/(-3) + (10 - 4)/(-18) is divided by 12?
9
Let f = -65 + 68. Suppose 1 = f*t - 65. Calculate the remainder when 41 is divided by t.
19
Let d(f) = f + 3. Let u be d(0). Suppose 3*l = -o - 4*o - 16, 0 = -l + o + 8. Suppose l*k - 84 = -u*k. What is the remainder when k is divided by 6?
2
Suppose 2*n = 2 - 0, -3*k - 4*n = -13. Suppose -5 = k*x - 17. What is the remainder when 11 is divided by x?
3
Suppose z = -2*t + 369, 0 = 3*z + 9*t - 7*t - 1091. Calculate the remainder when z is divided by 33.
31
Let f(y) = -23*y - 11. Let j be f(-1). Calculate the remainder when 40/j*(-9)/(-5) is divided by 1.
0
Let c(z) = -z - 6. Let b be c(-8). Suppose -6*i + b*i + 168 = 4*s, -2*i = s - 44. Let t(f) = 48*f - 123. What is the remainder when s is divided by t(3)?
19
Let f be 1/2 + (-25)/(-10) - 1. Suppose 4*q + f - 94 = 0. What is the remainder when 91 is divided by q?
22
Suppose 1161 = 41*l - 32*l. What is the remainder when 768 is divided by l?
123
Let q = -36 + 40. Suppose -4*h - 2*w + 18 = 0, q*h - w - 16 = 17. Calculate the remainder when 19 is divided by h.
5
Let b = 12 - -2. Suppose 674 = 9*n + 179. Calculate the remainder when n is divided by b.
13
What is the remainder when -423*((-114)/9)/19 is divided by 17?
10
Let s(a) = 13*a**2 + 1. Let w be s(-1). Let z be 54/18 + (2 - 0). Suppose z*m - 4*m = w. What is the remainder when 26 is divided by m?
12
Let f = 111 + -65. Suppose -58 = -2*o - 22. What is the remainder when f is divided by o/((-3)/6 + 2)?
10
Let w = -31 + 47. Suppose 4*r - 9 = -q, -r = -2*q + 3*q. Let d(k) = 17*k - 4. What is the remainder when d(r) is divided by w?
